{"id":2594,"date":"2023-09-28T07:14:05","date_gmt":"2023-09-28T05:14:05","guid":{"rendered":"https:\/\/maderaspeteiro.com\/web\/?page_id=2594"},"modified":"2023-11-24T15:15:21","modified_gmt":"2023-11-24T13:15:21","slug":"politica-privacidad","status":"publish","type":"page","link":"https:\/\/maderaspeteiro.com\/web\/politica-privacidad\/","title":{"rendered":"Pol\u00edtica de privacidad"},"content":{"rendered":"\t\t<div data-elementor-type=\"wp-page\" data-elementor-id=\"2594\" class=\"elementor elementor-2594\">\n\t\t\t\t\t\t<section class=\"elementor-section elementor-top-section elementor-element elementor-element-40ebfbf elementor-section-boxed elementor-section-height-default elementor-section-height-default\" data-id=\"40ebfbf\" data-element_type=\"section\">\n\t\t\t\t\t\t<div class=\"elementor-container elementor-column-gap-default\">\n\t\t\t\t\t<div class=\"elementor-column elementor-col-100 elementor-top-column elementor-element elementor-element-0293f57\" data-id=\"0293f57\" data-element_type=\"column\">\n\t\t\t<div class=\"elementor-widget-wrap elementor-element-populated\">\n\t\t\t\t\t\t<div class=\"elementor-element elementor-element-bb31c7b elementor-widget elementor-widget-spacer\" data-id=\"bb31c7b\" data-element_type=\"widget\" data-widget_type=\"spacer.default\">\n\t\t\t\t<div class=\"elementor-widget-container\">\n\t\t\t\t\t\t\t<div class=\"elementor-spacer\">\n\t\t\t<div class=\"elementor-spacer-inner\"><\/div>\n\t\t<\/div>\n\t\t\t\t\t\t<\/div>\n\t\t\t\t<\/div>\n\t\t\t\t<div class=\"elementor-element elementor-element-bb52404 elementor-widget elementor-widget-text-editor\" data-id=\"bb52404\" data-element_type=\"widget\" data-widget_type=\"text-editor.default\">\n\t\t\t\t<div class=\"elementor-widget-container\">\n\t\t\t\t\t\t\t\t\t<p><span style=\"font-size: 16px;\">De acuerdo con lo establecido por la normativa de Protecci\u00f3n de Datos de Car\u00e1cter Personal, le informamos que est\u00e1 facilitando sus datos de car\u00e1cter personal al Responsable de Tratamiento: MADERAS PETEIRO S.L. (en adelante MADERAS PETEIRO), con correo electr\u00f3nico <\/span><b style=\"font-size: 16px;\">mp@maderaspeteiro.com<\/b><\/p><p>\u00a0<\/p><p><b>1. Finalidad del tratamiento<\/b><\/p><p>Los datos recopilados ser\u00e1n \u00fanicamente los detallados en el formulario de contacto, as\u00ed como aquellos que usted mismo nos facilite en el apartado \u201cComentarios\u201d. \u00a0 MADERAS PETEIRO\u00a0podr\u00e1 tratar sus datos de car\u00e1cter personal de acuerdo con las siguientes finalidades:<\/p><ul><li>Gestionar su navegaci\u00f3n a trav\u00e9s del Sitio Web.<\/li><li>Gestionar el servicio de Atenci\u00f3n al Cliente, para dar respuesta a las dudas, quejas, comentarios o inquietudes que pueda tener relativas a la informaci\u00f3n incluida en el<\/li><li>Sitio Web, as\u00ed como cualesquiera otras consultas que pueda tener.<\/li><li>Tratar sus datos con fines comerciales, siempre que haya consentido el pertinente tratamiento de datos personales. Para darnos consentimiento para enviarle informaci\u00f3n sobre nuestros servicios, tendr\u00e1 que marcar la casilla \u201cS\u00ed, deseo recibir informaci\u00f3n comercial\u201d. De lo contrario, no podremos utilizar sus datos personales con este fin.<\/li><li>Gestionar el cumplimiento, mantenimiento, desarrollo y control de cualesquiera relaciones que\u00a0 mantenga con usted.<\/li><\/ul><p>El hecho de no facilitar cierta informaci\u00f3n se\u00f1alada como obligatoria, puede conllevar que no sea posible gestionar su petici\u00f3n a trav\u00e9s del formulario de contacto. En el caso de que nos aporte Datos Personales de terceros, usted se responsabiliza de haber informado y haber obtenido el consentimiento de estos para ser aportados con las finalidades indicadas en los apartados correspondientes de la presente Pol\u00edtica de Privacidad y Cookies.<\/p><p>\u00a0<\/p><p><b>2. Legitimaci\u00f3n del tratamiento de sus datos de car\u00e1cter personal<\/b><\/p><p>La legitimaci\u00f3n se basa en el consentimiento que usted nos otorga al clicar el bot\u00f3n \u201cACEPTO LA POL\u00cdTICA DE PROTECCI\u00d3N DE DATOS\u201d.<\/p><p>\u00a0<\/p><p><b>3. Destinatarios de cesiones<\/b><\/p><p>No cederemos sus datos a terceros, salvo para dar cumplimiento a una obligaci\u00f3n legal.<\/p><p>\u00a0<\/p><p><b>4. Derechos<\/b><\/p><p>Por \u00faltimo, le informamos de sus derechos en materia de protecci\u00f3n de datos.<\/p><ul><li>Derecho a solicitar el acceso a sus datos personales.<\/li><li>Derecho a solicitar su rectificaci\u00f3n o supresi\u00f3n (derecho al olvido).<\/li><li>Derecho a solicitar la limitaci\u00f3n de su tratamiento, y a oponerse al tratamiento.<\/li><li>Derecho a la portabilidad de los datos.<\/li><li>Derecho a la retirada de consentimiento.<\/li><\/ul><p>Para ejercer sus derechos no tiene m\u00e1s que realizar una solicitud por escrito y acompa\u00f1arla de una copia de su DNI. MADERAS PETEIRO dispone de formularios adecuados al respecto. No tiene m\u00e1s que solicitarlos o bien presentar su propio escrito en info@nubelco.com<\/p><p>\u00a0<\/p><p><b>5. Medidas de de seguridad<\/b><\/p><p>Por \u00faltimo, le informamos de sus derechos en materia de protecci\u00f3n de datos.<\/p><p>MADERAS PETEIRO\u00a0tiene implantadas las medidas t\u00e9cnicas y organizativas necesarias para garantizar la seguridad de sus datos de car\u00e1cter personal y evitar su alteraci\u00f3n, la p\u00e9rdida y el tratamiento y\/o el acceso no autorizado, teniendo en cuenta el estado de la tecnolog\u00eda, la naturaleza de los datos almacenados y los riesgos provenientes de la acci\u00f3n humana o del medio f\u00edsico y natural a que est\u00e1n expuestas.<\/p>\t\t\t\t\t\t\t\t<\/div>\n\t\t\t\t<\/div>\n\t\t\t\t<div class=\"elementor-element elementor-element-bd645df elementor-widget-divider--view-line elementor-widget elementor-widget-divider\" data-id=\"bd645df\" data-element_type=\"widget\" data-widget_type=\"divider.default\">\n\t\t\t\t<div class=\"elementor-widget-container\">\n\t\t\t\t\t\t\t<div class=\"elementor-divider\">\n\t\t\t<span class=\"elementor-divider-separator\">\n\t\t\t\t\t\t<\/span>\n\t\t<\/div>\n\t\t\t\t\t\t<\/div>\n\t\t\t\t<\/div>\n\t\t\t\t<div class=\"elementor-element elementor-element-df6bea2 elementor-widget elementor-widget-spacer\" data-id=\"df6bea2\" data-element_type=\"widget\" data-widget_type=\"spacer.default\">\n\t\t\t\t<div class=\"elementor-widget-container\">\n\t\t\t\t\t\t\t<div class=\"elementor-spacer\">\n\t\t\t<div class=\"elementor-spacer-inner\"><\/div>\n\t\t<\/div>\n\t\t\t\t\t\t<\/div>\n\t\t\t\t<\/div>\n\t\t\t\t\t<\/div>\n\t\t<\/div>\n\t\t\t\t\t<\/div>\n\t\t<\/section>\n\t\t\t\t<\/div>\n\t\t","protected":false},"excerpt":{"rendered":"<div class=\"tmnf_excerpt\"><p>De acuerdo con lo establecido por la normativa de Protecci\u00f3n de Datos de Car\u00e1cter Personal, le informamos que est\u00e1 facilitando sus datos de car\u00e1cter personal al Responsable de Tratamiento: MADERAS PETEIRO S.L. (en adelante MADERAS<\/p>\n<\/div>","protected":false},"author":1,"featured_media":0,"parent":0,"menu_order":0,"comment_status":"closed","ping_status":"closed","template":"homepage-hero-cover_alt.php","meta":{"footnotes":""},"class_list":["post-2594","page","type-page","status-publish","hentry"],"yoast_head":"<!-- This site is optimized with the Yoast SEO plugin v26.0 - https:\/\/yoast.com\/wordpress\/plugins\/seo\/ -->\n<title>Pol\u00edtica de privacidad - Maderas Peteiro<\/title>\n<meta name=\"robots\" content=\"index, follow, max-snippet:-1, max-image-preview:large, max-video-preview:-1\" \/>\n<link rel=\"canonical\" href=\"https:\/\/maderaspeteiro.com\/web\/politica-privacidad\/\" \/>\n<meta property=\"og:locale\" content=\"es_ES\" \/>\n<meta property=\"og:type\" content=\"article\" \/>\n<meta property=\"og:title\" content=\"Pol\u00edtica de privacidad - Maderas Peteiro\" \/>\n<meta property=\"og:description\" content=\"De acuerdo con lo establecido por la normativa de Protecci\u00f3n de Datos de Car\u00e1cter Personal, le informamos que est\u00e1 facilitando sus datos de car\u00e1cter personal al Responsable de Tratamiento: MADERAS PETEIRO S.L. (en adelante MADERAS\" \/>\n<meta property=\"og:url\" content=\"https:\/\/maderaspeteiro.com\/web\/politica-privacidad\/\" \/>\n<meta property=\"og:site_name\" content=\"Maderas Peteiro\" \/>\n<meta property=\"article:modified_time\" content=\"2023-11-24T13:15:21+00:00\" \/>\n<meta name=\"twitter:card\" content=\"summary_large_image\" \/>\n<meta name=\"twitter:label1\" content=\"Tiempo de lectura\" \/>\n\t<meta name=\"twitter:data1\" content=\"3 minutos\" \/>\n<script type=\"application\/ld+json\" class=\"yoast-schema-graph\">{\"@context\":\"https:\/\/schema.org\",\"@graph\":[{\"@type\":\"WebPage\",\"@id\":\"https:\/\/maderaspeteiro.com\/web\/politica-privacidad\/\",\"url\":\"https:\/\/maderaspeteiro.com\/web\/politica-privacidad\/\",\"name\":\"Pol\u00edtica de privacidad - Maderas Peteiro\",\"isPartOf\":{\"@id\":\"https:\/\/maderaspeteiro.com\/web\/#website\"},\"datePublished\":\"2023-09-28T05:14:05+00:00\",\"dateModified\":\"2023-11-24T13:15:21+00:00\",\"breadcrumb\":{\"@id\":\"https:\/\/maderaspeteiro.com\/web\/politica-privacidad\/#breadcrumb\"},\"inLanguage\":\"es\",\"potentialAction\":[{\"@type\":\"ReadAction\",\"target\":[\"https:\/\/maderaspeteiro.com\/web\/politica-privacidad\/\"]}]},{\"@type\":\"BreadcrumbList\",\"@id\":\"https:\/\/maderaspeteiro.com\/web\/politica-privacidad\/#breadcrumb\",\"itemListElement\":[{\"@type\":\"ListItem\",\"position\":1,\"name\":\"Portada\",\"item\":\"https:\/\/maderaspeteiro.com\/web\/\"},{\"@type\":\"ListItem\",\"position\":2,\"name\":\"Pol\u00edtica de privacidad\"}]},{\"@type\":\"WebSite\",\"@id\":\"https:\/\/maderaspeteiro.com\/web\/#website\",\"url\":\"https:\/\/maderaspeteiro.com\/web\/\",\"name\":\"Maderas Peteiro\",\"description\":\"\",\"publisher\":{\"@id\":\"https:\/\/maderaspeteiro.com\/web\/#organization\"},\"potentialAction\":[{\"@type\":\"SearchAction\",\"target\":{\"@type\":\"EntryPoint\",\"urlTemplate\":\"https:\/\/maderaspeteiro.com\/web\/?s={search_term_string}\"},\"query-input\":{\"@type\":\"PropertyValueSpecification\",\"valueRequired\":true,\"valueName\":\"search_term_string\"}}],\"inLanguage\":\"es\"},{\"@type\":\"Organization\",\"@id\":\"https:\/\/maderaspeteiro.com\/web\/#organization\",\"name\":\"Maderas Peteiro\",\"url\":\"https:\/\/maderaspeteiro.com\/web\/\",\"logo\":{\"@type\":\"ImageObject\",\"inLanguage\":\"es\",\"@id\":\"https:\/\/maderaspeteiro.com\/web\/#\/schema\/logo\/image\/\",\"url\":\"https:\/\/maderaspeteiro.com\/web\/wp-content\/uploads\/2023\/11\/Logo-cabecera-1.png\",\"contentUrl\":\"https:\/\/maderaspeteiro.com\/web\/wp-content\/uploads\/2023\/11\/Logo-cabecera-1.png\",\"width\":280,\"height\":96,\"caption\":\"Maderas Peteiro\"},\"image\":{\"@id\":\"https:\/\/maderaspeteiro.com\/web\/#\/schema\/logo\/image\/\"}}]}<\/script>\n<!-- \/ Yoast SEO plugin. -->","yoast_head_json":{"title":"Pol\u00edtica de privacidad - Maderas Peteiro","robots":{"index":"index","follow":"follow","max-snippet":"max-snippet:-1","max-image-preview":"max-image-preview:large","max-video-preview":"max-video-preview:-1"},"canonical":"https:\/\/maderaspeteiro.com\/web\/politica-privacidad\/","og_locale":"es_ES","og_type":"article","og_title":"Pol\u00edtica de privacidad - Maderas Peteiro","og_description":"De acuerdo con lo establecido por la normativa de Protecci\u00f3n de Datos de Car\u00e1cter Personal, le informamos que est\u00e1 facilitando sus datos de car\u00e1cter personal al Responsable de Tratamiento: MADERAS PETEIRO S.L. (en adelante MADERAS","og_url":"https:\/\/maderaspeteiro.com\/web\/politica-privacidad\/","og_site_name":"Maderas Peteiro","article_modified_time":"2023-11-24T13:15:21+00:00","twitter_card":"summary_large_image","twitter_misc":{"Tiempo de lectura":"3 minutos"},"schema":{"@context":"https:\/\/schema.org","@graph":[{"@type":"WebPage","@id":"https:\/\/maderaspeteiro.com\/web\/politica-privacidad\/","url":"https:\/\/maderaspeteiro.com\/web\/politica-privacidad\/","name":"Pol\u00edtica de privacidad - Maderas Peteiro","isPartOf":{"@id":"https:\/\/maderaspeteiro.com\/web\/#website"},"datePublished":"2023-09-28T05:14:05+00:00","dateModified":"2023-11-24T13:15:21+00:00","breadcrumb":{"@id":"https:\/\/maderaspeteiro.com\/web\/politica-privacidad\/#breadcrumb"},"inLanguage":"es","potentialAction":[{"@type":"ReadAction","target":["https:\/\/maderaspeteiro.com\/web\/politica-privacidad\/"]}]},{"@type":"BreadcrumbList","@id":"https:\/\/maderaspeteiro.com\/web\/politica-privacidad\/#breadcrumb","itemListElement":[{"@type":"ListItem","position":1,"name":"Portada","item":"https:\/\/maderaspeteiro.com\/web\/"},{"@type":"ListItem","position":2,"name":"Pol\u00edtica de privacidad"}]},{"@type":"WebSite","@id":"https:\/\/maderaspeteiro.com\/web\/#website","url":"https:\/\/maderaspeteiro.com\/web\/","name":"Maderas Peteiro","description":"","publisher":{"@id":"https:\/\/maderaspeteiro.com\/web\/#organization"},"potentialAction":[{"@type":"SearchAction","target":{"@type":"EntryPoint","urlTemplate":"https:\/\/maderaspeteiro.com\/web\/?s={search_term_string}"},"query-input":{"@type":"PropertyValueSpecification","valueRequired":true,"valueName":"search_term_string"}}],"inLanguage":"es"},{"@type":"Organization","@id":"https:\/\/maderaspeteiro.com\/web\/#organization","name":"Maderas Peteiro","url":"https:\/\/maderaspeteiro.com\/web\/","logo":{"@type":"ImageObject","inLanguage":"es","@id":"https:\/\/maderaspeteiro.com\/web\/#\/schema\/logo\/image\/","url":"https:\/\/maderaspeteiro.com\/web\/wp-content\/uploads\/2023\/11\/Logo-cabecera-1.png","contentUrl":"https:\/\/maderaspeteiro.com\/web\/wp-content\/uploads\/2023\/11\/Logo-cabecera-1.png","width":280,"height":96,"caption":"Maderas Peteiro"},"image":{"@id":"https:\/\/maderaspeteiro.com\/web\/#\/schema\/logo\/image\/"}}]}},"_links":{"self":[{"href":"https:\/\/maderaspeteiro.com\/web\/wp-json\/wp\/v2\/pages\/2594","targetHints":{"allow":["GET"]}}],"collection":[{"href":"https:\/\/maderaspeteiro.com\/web\/wp-json\/wp\/v2\/pages"}],"about":[{"href":"https:\/\/maderaspeteiro.com\/web\/wp-json\/wp\/v2\/types\/page"}],"author":[{"embeddable":true,"href":"https:\/\/maderaspeteiro.com\/web\/wp-json\/wp\/v2\/users\/1"}],"replies":[{"embeddable":true,"href":"https:\/\/maderaspeteiro.com\/web\/wp-json\/wp\/v2\/comments?post=2594"}],"version-history":[{"count":5,"href":"https:\/\/maderaspeteiro.com\/web\/wp-json\/wp\/v2\/pages\/2594\/revisions"}],"predecessor-version":[{"id":10488,"href":"https:\/\/maderaspeteiro.com\/web\/wp-json\/wp\/v2\/pages\/2594\/revisions\/10488"}],"wp:attachment":[{"href":"https:\/\/maderaspeteiro.com\/web\/wp-json\/wp\/v2\/media?parent=2594"}],"curies":[{"name":"wp","href":"https:\/\/api.w.org\/{rel}","templated":true}]}}